s digit of t?
3
Let n = 726 - 707. What is the tens digit of n?
1
Let v(i) = i**2 + i + 19. Let n(h) = h + 9. Let f be n(-9). Let l be v(f). Suppose 0 = -5*c + 79 - l. What is the units digit of c?
2
Let h(t) be the first derivative of t**3/3 + 2*t**2 + 7*t + 2. Let q be h(-5). What is the tens digit of 62/6 + 8/q?
1
What is the tens digit of 2/(-25) - 25206/(-75)?
3
Let u be (-38*3/6)/((-1)/(-1)). Let o(x) = x**2 + 7*x - 45. What is the units digit of o(u)?
3
Let t = -724 - -1259. What is the units digit of t?
5
Suppose 6 = -0*l - 2*l. Let n(b) = 31*b**2 - 5*b + 2. Let f(t) = 30*t**2 - 6*t + 2. Let g(r) = l*f(r) + 4*n(r). What is the units digit of g(1)?
4
Let n(s) = -s**3 + 2*s - 2. Let c be n(2). Let v be (-784)/c + (-4)/6. Suppose 5*l + 5*b - 290 = 7*b, 2*b = -2*l + v. What is the tens digit of l?
6
Let r(v) = -v**3 + 5*v**2 + 6*v + 3. Let b(a) = -7 + 8 + 9*a - a**2 - 4. Let p be b(8). What is the units digit of r(p)?
3
Let f(b) = -b + 4. Let w be f(0). Suppose w*t + 3*k - 219 = 219, -4*k = -8. What is the hundreds digit of t?
1
Suppose -30*j = -21*j - 3294. What is the hundreds digit of j?
3
Let k be -4 + 2*(1 - -1). Suppose 3*a - 41 - 130 = k. What is the units digit of a?
7
Suppose -13 = z - 5*n, -3*n = 2*z + z + 39. Let y(h) = -3*h + h + 3 + 12. What is the tens digit of y(z)?
4
What is the units digit of (-4)/14 + (-5)/(210/(-16896))?
2
Let n = 45 + -14. Let s = n - -19. Suppose 2*c - s = 26. What is the tens digit of c?
3
Let t(w) = -w + 15. Let a be t(8). Suppose -2*q - 5*i - 6 = 2, 8 = -2*q + 3*i. Let o = q + a. What is the units digit of o?
3
Suppose -1 = 5*p - 21. Suppose 0*t - p*t + 274 = -2*a, -a = -4*t + 271. What is the units digit of t?
7
Let w = -315 + 1316. What is the thousands digit of w?
1
Let t = -16 - -21. Suppose -t*d + 58 = -102. What is the tens digit of d?
3
Let z be (-3 - -2)/((-4)/4) - -3. Suppose z*r - 5*n = 841, -3*r - 2*n + 645 = -n. What is the tens digit of r?
1
Let p = 13 - 10. Suppose -p*h - 6*g + 4*g = 14, -5*h = -3*g - 2. What is the units digit of 7/(h*2/(-16))?
8
Let o be (-17)/(85/1860) - -3. Let g = -105 - o. What is the hundreds digit of g?
2
Let m(g) = -1346*g - 6. Let q be m(-1). Suppose -8*z - 140 = -q. What is the hundreds digit of z?
1
Let g be (-26)/(-7) - (2/(-7) - 0). Suppose -22 = -g*d + 58. What is the tens digit of d?
2
Suppose 370 = -4*r + 2314. What is the units digit of r?
6
Suppose -4*m - 16 = 0, -4*m + 7 - 28 = -t. Let k(u) = 2*u - 2 + 10 - u - u**3 + 5*u**2 - 1. What is the tens digit of k(t)?
1
Let l = 223 + -118. What is the hundreds digit of l?
1
Let b be -1*5/(-5)*9. Suppose -849 = -5*n - z, 11*n - b*n + z - 339 = 0. What is the tens digit of n?
7
Suppose -8*v + 4*v = 2*s + 72, 5*v - 4*s + 90 = 0. Let k be 9/(-2)*v/27. Suppose 0 = k*f + 31 - 76. What is the units digit of f?
5
Suppose 3*w + 5*y = 133, 121 = 5*w + y - 64. Let i = 125 - w. Suppose 3*r = 15, 5*u - i = -4*r + 86. What is the tens digit of u?
3
Suppose -3*u + 119 - 35 = 0. What is the tens digit of 287/3 - u/42?
9
Suppose -4*j + 433 = 5*t - 0*t, -4*t = 2*j - 344. Suppose -t = -f - 22. What is the units digit of f?
3
Let m(y) = -y**3 - 11*y**2 - 12*y - 2. Let k be m(-11). Let u = k - -444. What is the tens digit of (-6)/15 - u/(-10)?
5
Let l(j) = -2*j + 8. Let w(u) = -u**2 + 4*u + 5. Let c be w(4). Suppose 25 = -c*y - 25. What is the tens digit of l(y)?
2
Let u be (-49)/1*5/((-20)/(-44)). What is the tens digit of u/(-9) - 9/(-81)?
6
Suppose 0 = y + 1, 6*h - 2252 = 2*h - 4*y. What is the units digit of h?
4
Let m(x) = x**3 - 8*x**2 + 11*x + 7. Let b be m(6). What is the units digit of (b - 0)/(16/816)?
1
Let b(d) = 3*d**2 - 17*d + 32. What is the hundreds digit of b(13)?
3
Suppose 8*n = -6 - 10. What is the units digit of (0 + (-7)/1)*4/n?
4
Let o = -7 - -14. Suppose -v = -o*v + 660. What is the units digit of v?
0
Suppose 0 = a + 5*g - 2869, -178 = -2*g - 174. What is the tens digit of a?
5
Let j(h) = h + 18. Let z be j(-10). What is the units digit of 159/4 - (-2)/z?
0
Suppose 8 = 3*v + 4*l - 3*l, 3*v - 2*l + 7 = 0. Let c = 34 + v. What is the units digit of c?
5
What is the thousands digit of (-2)/7 + 21/((-1470)/(-287440))?
4
Suppose -150*x = -147*x + 24. What is the tens digit of (0 - (2 - -86))*12/x?
3
Let i = -3262 - -4850. What is the units digit of i?
8
Let u(i) = i**3 + 4*i**2 + i - 11. Let v(m) = m**3 + 4*m**2 + 2*m - 11. Let n(k) = 3*u(k) - 4*v(k). What is the units digit of n(-5)?
1
Let w be 2/10 - (-196)/20. Suppose -23 = -h - w. What is the units digit of h?
3
Let f(l) be the third derivative of 31*l**5/60 + l**4/4 + 7*l**3/6 - 19*l**2. What is the units digit of f(-2)?
9
Let o(h) = -13 + 19*h + 19 - 10. What is the tens digit of o(2)?
3
Let w = -7 - -7. Suppose 5*k - 7 - 3 = w. Suppose -k*q + 6 = 2, -4*v - 4*q = -32. What is the units digit of v?
6
Suppose -140 - 166 = -3*p. Suppose 0 = -3*x - x - 216. Let v = x + p. What is the tens digit of v?
4
Suppose -4*p - 20 = -2*r + r, 0 = -2*r + 5*p + 25. Suppose r*q = 2*q. Suppose q = h - 4*h + 21. What is the units digit of h?
7
Suppose 5*w = 5*q, -2*q - 10 = -4*w - 0*w. Suppose 2*p - 15 = -w*c, 5*p - 6*p = -5. Let k = c + 21. What is the tens digit of k?
2
Let o(x) = 2*x + 5. Let s be o(-5). Let n = s - -4. What is the tens digit of ((-540)/(-70))/(n/(-7))?
5
Let r be 2*(-1 + -1)/(-2). Let l(n) = 17*n**2 - n - 2. What is the units digit of l(r)?
4
Let b(l) = -2*l + 14. Suppose -28 + 4 = -4*v. Let g be b(v). Suppose g*a - 31 = 75. What is the tens digit of a?
5
Suppose 0*r = 6*r - 1026. Let l = r + -83. What is the tens digit of l?
8
Let p = 25 - 23. Suppose 3*z - 160 = -b, p + 262 = 5*z + b. Suppose 0 = -5*l + 3*l + z. What is the tens digit of l?
2
Suppose 3*r - 5*r = -10. Let m(u) = -u + 7. Let p be m(r). Suppose 2*o + 4*x - 135 = x, -p*x = -5*o + 385. What is the units digit of o?
5
Let r(f) be the first derivative of 2*f**3/3 - 3*f**2 + 3*f - 8. What is the units digit of r(6)?
9
Suppose -5*f + 4*i - 226 = -3*f, -5*f = 3*i + 578. Let k = 98 - f. What is the tens digit of k?
1
Let n(f) = f**3 - 18*f**2 - 16*f - 29. Let t be n(19). Suppose x = 40 + t. What is the units digit of x?
8
Let j(y) = 3*y - 19*y**2 - 1 - 3 + 5 + 20*y**2. What is the tens digit of j(-6)?
1
Suppose -2*u + 32 = 2*d, 2*d - 34 = 4*u + 4. Let a be 24/(-20)*40/6. Let h = a + d. What is the units digit of h?
9
Suppose -a - 5*v = -1132, -1088 = -2*a + 4*v + 1134. What is the hundreds digit of a?
1
Suppose 7*w = 3*w + 36. Let u be 6/(-4)*6*1. Let s = w - u. What is the units digit of s?
8
Suppose -2*x = -4*x - 2. What is the hundreds digit of 549/6*(2/6 - x)?
1
Suppose -290 = 5*t - v + 48, -v + 3 = 0. Let a = 1 - t. What is the units digit of a?
8
Suppose -35*m = -50153 - 7842. What is the units digit of m?
7
Let v be (9 - 6)*(-12)/9. What is the tens digit of ((-3)/v)/((-11)/(-616))?
4
Suppose -16537 = 53*z - 83370. What is the units digit of z?
1
Let x = -427 - -998. What is the units digit of x?
1
Let m(q) = -q + 1. Suppose 3*v + 7 = b, 3*v = -2*b - 0 + 5. Let t = -8 + b. What is the units digit of m(t)?
5
Let g(f) = 10*f**2 + 3*f. Let u(s) = 2*s**2 - 1. Let n(w) = -g(w) + 6*u(w). Let m = -4 - -9. What is the units digit of n(m)?
9
Let a = 2175 - 722. What is the hundreds digit of a?
4
Suppose 3*z - 230 - 52 = 0. What is the tens digit of z?
9
Suppose -y - 4*y + 2*p + 4888 = 0, 979 = y + p. What is the units digit of y?
8
Suppose -4*q + 1 = 5*r, 0*r + 7 = -2*q - 5*r. Suppose 4*d = -q*c + 32, -2*c + 19 = -4*d - 27. Suppose -3*v - 1 + c = 0. What is the units digit of v?
4
Let g(c) = 2*c**2 - 30*c + 101. What is the units digit of g(24)?
3
Let u = 36 + -25. Let i(h) = 5*h + 17. What is the tens digit of i(u)?
7
Suppose -35 = 5*m + 3*u, 2*u = -2*m + u - 15. What is the tens digit of 0 + 141 - (m - -10)?
4
What is the tens digit of 2802/10 - 17/85?
8
Let z = 4 + 8. Suppose z = 4*s - 3*s. Suppose 3*m - s = 21. What is the units digit of m?
1
Let k = -48 + 48. Suppose k = -4*g - g + 270. What is the units digit of g?
4
Let x = -1 - 2. What is the units digit of x - (-373 - 3)/4?
1
Let n = -29 - -34. Suppose -y + 35 = m, 0*y - y = n*m - 167. What is the units digit of m?
3
Let j be (28/6)/(2/(-13))*-3. Let f = j - 24. What is the tens digit of f?
6
Let w(v) = -v**3 - 4*v**2 + 3*v - 7. Le